{"id":378,"date":"2025-02-11T16:18:16","date_gmt":"2025-02-11T15:18:16","guid":{"rendered":"https:\/\/lebazarahistoires.com\/?post_type=product&#038;p=378"},"modified":"2025-02-11T16:18:16","modified_gmt":"2025-02-11T15:18:16","slug":"flea-une-pupuce-a-paris","status":"publish","type":"product","link":"https:\/\/lebazarahistoires.com\/index.php\/produit\/flea-une-pupuce-a-paris\/","title":{"rendered":"Fl\u00e9a une pupuce \u00e0 Paris"},"content":{"rendered":"<p>L&rsquo;histoire illustr\u00e9e de Fl\u00e9a, une puce v\u00e9g\u00e9tarienne et m\u00e9lomane, qui se prom\u00e8ne \u00e0 Paris pendant la F\u00eate de la Musique sur l&rsquo;\u00e9paule de Lucie, jeune cheffe d&rsquo;orchestre en qu\u00eate d&rsquo;amour&#8230;<\/p>\n<p>Pour les petits et les grands, une balade dans le 19eme arrondissement de Paris.<\/p>\n","protected":false},"excerpt":{"rendered":"<p>L&rsquo;histoire illustr\u00e9e de Fl\u00e9a, une puce v\u00e9g\u00e9tarienne et m\u00e9lomane, qui se prom\u00e8ne \u00e0 Paris pendant la F\u00eate de la Musique sur l&rsquo;\u00e9paule de Lucie, jeune [&#8230;]<\/p>\n","protected":false},"featured_media":358,"comment_status":"open","ping_status":"closed","template":"","meta":[],"product_brand":[],"product_cat":[15],"product_tag":[],"class_list":{"0":"post-378","1":"product","2":"type-product","3":"status-publish","4":"has-post-thumbnail","6":"product_cat-non-classe","8":"first","9":"instock","10":"shipping-taxable","11":"purchasable","12":"product-type-simple"},"jetpack_sharing_enabled":true,"_links":{"self":[{"href":"https:\/\/lebazarahistoires.com\/index.php\/wp-json\/wp\/v2\/product\/378","targetHints":{"allow":["GET"]}}],"collection":[{"href":"https:\/\/lebazarahistoires.com\/index.php\/wp-json\/wp\/v2\/product"}],"about":[{"href":"https:\/\/lebazarahistoires.com\/index.php\/wp-json\/wp\/v2\/types\/product"}],"replies":[{"embeddable":true,"href":"https:\/\/lebazarahistoires.com\/index.php\/wp-json\/wp\/v2\/comments?post=378"}],"wp:featuredmedia":[{"embeddable":true,"href":"https:\/\/lebazarahistoires.com\/index.php\/wp-json\/wp\/v2\/media\/358"}],"wp:attachment":[{"href":"https:\/\/lebazarahistoires.com\/index.php\/wp-json\/wp\/v2\/media?parent=378"}],"wp:term":[{"taxonomy":"product_brand","embeddable":true,"href":"https:\/\/lebazarahistoires.com\/index.php\/wp-json\/wp\/v2\/product_brand?post=378"},{"taxonomy":"product_cat","embeddable":true,"href":"https:\/\/lebazarahistoires.com\/index.php\/wp-json\/wp\/v2\/product_cat?post=378"},{"taxonomy":"product_tag","embeddable":true,"href":"https:\/\/lebazarahistoires.com\/index.php\/wp-json\/wp\/v2\/product_tag?post=378"}],"curies":[{"name":"wp","href":"https:\/\/api.w.org\/{rel}","templated":true}]}}