{"id":292,"date":"2024-03-29T18:28:17","date_gmt":"2024-03-29T17:28:17","guid":{"rendered":"https:\/\/lebazarahistoires.com\/?post_type=product&#038;p=292"},"modified":"2024-03-29T18:30:25","modified_gmt":"2024-03-29T17:30:25","slug":"les-paves-dores","status":"publish","type":"product","link":"https:\/\/lebazarahistoires.com\/index.php\/produit\/les-paves-dores\/","title":{"rendered":"Les Pav\u00e9s Dor\u00e9s"},"content":{"rendered":"<p>Les Pav\u00e9s Dor\u00e9s est un album musical destin\u00e9 aux enfants de 3 \u00e0 9 ans.<\/p>\n<p>La partie sonore (composition, enregistrement) a \u00e9t\u00e9 r\u00e9alis\u00e9e avec la classe de MAO du Conservatoire de Clichy-sous-Bois, professeur Gr\u00e9gory Demarsy.<\/p>\n<p>Auteur : Sylviane Diani<\/p>\n<p>Illustratrice : KikiD<\/p>\n","protected":false},"excerpt":{"rendered":"<p>Les Pav\u00e9s Dor\u00e9s est un album musical destin\u00e9 aux enfants de 3 \u00e0 9 ans. La partie sonore (composition, enregistrement) a \u00e9t\u00e9 r\u00e9alis\u00e9e avec la [&#8230;]<\/p>\n","protected":false},"featured_media":281,"comment_status":"open","ping_status":"closed","template":"","meta":[],"product_brand":[],"product_cat":[15],"product_tag":[],"class_list":{"0":"post-292","1":"product","2":"type-product","3":"status-publish","4":"has-post-thumbnail","6":"product_cat-non-classe","8":"first","9":"instock","10":"shipping-taxable","11":"purchasable","12":"product-type-simple"},"jetpack_sharing_enabled":true,"_links":{"self":[{"href":"https:\/\/lebazarahistoires.com\/index.php\/wp-json\/wp\/v2\/product\/292","targetHints":{"allow":["GET"]}}],"collection":[{"href":"https:\/\/lebazarahistoires.com\/index.php\/wp-json\/wp\/v2\/product"}],"about":[{"href":"https:\/\/lebazarahistoires.com\/index.php\/wp-json\/wp\/v2\/types\/product"}],"replies":[{"embeddable":true,"href":"https:\/\/lebazarahistoires.com\/index.php\/wp-json\/wp\/v2\/comments?post=292"}],"wp:featuredmedia":[{"embeddable":true,"href":"https:\/\/lebazarahistoires.com\/index.php\/wp-json\/wp\/v2\/media\/281"}],"wp:attachment":[{"href":"https:\/\/lebazarahistoires.com\/index.php\/wp-json\/wp\/v2\/media?parent=292"}],"wp:term":[{"taxonomy":"product_brand","embeddable":true,"href":"https:\/\/lebazarahistoires.com\/index.php\/wp-json\/wp\/v2\/product_brand?post=292"},{"taxonomy":"product_cat","embeddable":true,"href":"https:\/\/lebazarahistoires.com\/index.php\/wp-json\/wp\/v2\/product_cat?post=292"},{"taxonomy":"product_tag","embeddable":true,"href":"https:\/\/lebazarahistoires.com\/index.php\/wp-json\/wp\/v2\/product_tag?post=292"}],"curies":[{"name":"wp","href":"https:\/\/api.w.org\/{rel}","templated":true}]}}