{"id":14,"date":"2022-04-08T13:52:45","date_gmt":"2022-04-08T11:52:45","guid":{"rendered":"http:\/\/lebazarahistoires.com\/?post_type=product&#038;p=14"},"modified":"2024-04-02T17:20:38","modified_gmt":"2024-04-02T15:20:38","slug":"la-melodie-des-couleurs","status":"publish","type":"product","link":"https:\/\/lebazarahistoires.com\/index.php\/produit\/la-melodie-des-couleurs\/","title":{"rendered":"La m\u00e9lodie des couleurs"},"content":{"rendered":"<p>La M\u00e9lodie des Couleurs est un album pour les enfants \u00e0 partir de 3 ans.<\/p>\n<p>L&rsquo;histoire est musicale, les notes de la gamme sont d\u00e9clin\u00e9es en fonction<br \/>\nd\u2019une couleur, d\u2019une recette, et d\u2019une petite chanson, dont les partitions se trouvent dans le livre.<\/p>\n<p>Si vous ne lisez pas la musique, vous retrouverez les fichiers sons sur notre site.<\/p>\n<p>Nous vous souhaitons autant de plaisir \u00e0 lire cette histoire que nous avons eu \u00e0 l&rsquo;\u00e9crire, l&rsquo;illustrer et la mettre en musique !<\/p>\n<p style=\"text-align: left;\">Sylviane Diani, auteur<br \/>\nC\u00e9line Duperrier, illustratrice<br \/>\nCatherine Jeanclaude, fl\u00fbtiste<\/p>\n","protected":false},"excerpt":{"rendered":"<p>La M\u00e9lodie des Couleurs est un album pour les enfants \u00e0 partir de 3 ans. L&rsquo;histoire est musicale, les notes de la gamme sont d\u00e9clin\u00e9es [&#8230;]<\/p>\n","protected":false},"featured_media":239,"comment_status":"open","ping_status":"closed","template":"","meta":[],"product_brand":[],"product_cat":[15],"product_tag":[],"class_list":{"0":"post-14","1":"product","2":"type-product","3":"status-publish","4":"has-post-thumbnail","6":"product_cat-non-classe","8":"first","9":"instock","10":"shipping-taxable","11":"purchasable","12":"product-type-simple"},"jetpack_sharing_enabled":true,"_links":{"self":[{"href":"https:\/\/lebazarahistoires.com\/index.php\/wp-json\/wp\/v2\/product\/14","targetHints":{"allow":["GET"]}}],"collection":[{"href":"https:\/\/lebazarahistoires.com\/index.php\/wp-json\/wp\/v2\/product"}],"about":[{"href":"https:\/\/lebazarahistoires.com\/index.php\/wp-json\/wp\/v2\/types\/product"}],"replies":[{"embeddable":true,"href":"https:\/\/lebazarahistoires.com\/index.php\/wp-json\/wp\/v2\/comments?post=14"}],"wp:featuredmedia":[{"embeddable":true,"href":"https:\/\/lebazarahistoires.com\/index.php\/wp-json\/wp\/v2\/media\/239"}],"wp:attachment":[{"href":"https:\/\/lebazarahistoires.com\/index.php\/wp-json\/wp\/v2\/media?parent=14"}],"wp:term":[{"taxonomy":"product_brand","embeddable":true,"href":"https:\/\/lebazarahistoires.com\/index.php\/wp-json\/wp\/v2\/product_brand?post=14"},{"taxonomy":"product_cat","embeddable":true,"href":"https:\/\/lebazarahistoires.com\/index.php\/wp-json\/wp\/v2\/product_cat?post=14"},{"taxonomy":"product_tag","embeddable":true,"href":"https:\/\/lebazarahistoires.com\/index.php\/wp-json\/wp\/v2\/product_tag?post=14"}],"curies":[{"name":"wp","href":"https:\/\/api.w.org\/{rel}","templated":true}]}}