{"id":102,"date":"2023-10-12T11:30:14","date_gmt":"2023-10-12T09:30:14","guid":{"rendered":"https:\/\/lebazarahistoires.com\/?page_id=102"},"modified":"2024-09-09T19:21:48","modified_gmt":"2024-09-09T17:21:48","slug":"spectacles","status":"publish","type":"page","link":"https:\/\/lebazarahistoires.com\/index.php\/spectacles\/","title":{"rendered":"La m\u00e9lodie des Couleurs &#8211; le spectacle"},"content":{"rendered":"<p><\/p><p>La <strong>Compagnie du Chapeau Magique<\/strong> pr\u00e9sente le spectacle jeune public tir\u00e9 de notre album <a href=\"https:\/\/lebazarahistoires.com\/index.php\/la-melodie-des-couleurs\/\" data-type=\"page\" data-id=\"164\">La M\u00e9lodie des Couleurs<\/a>. Ce spectacle a \u00e9t\u00e9 cr\u00e9\u00e9 pour la premi\u00e8re fois le 2 septembre 2023 \u00e0 Gueugnon.<\/p><p>Sur sc\u00e8ne, les trois auteures :<\/p><ul class=\"wp-block-list\"><li>Sylviane DIANI, contrebassiste ou bassiste, dans le r\u00f4le de <strong>Crapaud<\/strong><\/li><\/ul><ul class=\"wp-block-list\"><li>C\u00e9line DUPERRIER, fl\u00fbtiste, dans le r\u00f4le d&rsquo;<strong>Aurore<\/strong><\/li><\/ul><ul class=\"wp-block-list\"><li>Catherine JEANCLAUDE, fl\u00fbtiste, dans le r\u00f4le de <strong>Tara<\/strong><\/li><\/ul><div class=\"wp-block-image is-style-rounded\"><figure class=\"aligncenter size-full is-resized\"><img loading=\"lazy\" decoding=\"async\" width=\"1024\" height=\"768\" src=\"https:\/\/lebazarahistoires.com\/wp-content\/uploads\/2023\/09\/WhatsApp-Image-2023-06-22-at-16.15.26.jpeg\" alt=\"\" class=\"wp-image-118\" style=\"width:432px;height:324px\" srcset=\"https:\/\/lebazarahistoires.com\/wp-content\/uploads\/2023\/09\/WhatsApp-Image-2023-06-22-at-16.15.26.jpeg 1024w, https:\/\/lebazarahistoires.com\/wp-content\/uploads\/2023\/09\/WhatsApp-Image-2023-06-22-at-16.15.26-300x225.jpeg 300w, https:\/\/lebazarahistoires.com\/wp-content\/uploads\/2023\/09\/WhatsApp-Image-2023-06-22-at-16.15.26-768x576.jpeg 768w, https:\/\/lebazarahistoires.com\/wp-content\/uploads\/2023\/09\/WhatsApp-Image-2023-06-22-at-16.15.26-600x450.jpeg 600w\" sizes=\"auto, (max-width: 1024px) 100vw, 1024px\" \/><\/figure><\/div><p><strong>L&rsquo;histoire<\/strong> :<\/p><p>Aurore et Tara sont deux elfes qui veulent colorer leur pays tout gris. Gr\u00e2ce \u00e0 Crapaud, au Chapeau Magique, et aux notes de la gamme, elles vont concocter des re\u00adcettes qui, si les spectateurs chantent la formule, per\u00admettront la r\u00e9ussite de leur projet!<\/p><div class=\"wp-block-image\"><figure class=\"aligncenter size-full is-resized\"><img loading=\"lazy\" decoding=\"async\" width=\"1024\" height=\"768\" src=\"https:\/\/lebazarahistoires.com\/wp-content\/uploads\/2023\/10\/WhatsApp-Image-2023-06-22-at-16.15.272.jpeg\" alt=\"\" class=\"wp-image-176\" style=\"width:481px;height:361px\" srcset=\"https:\/\/lebazarahistoires.com\/wp-content\/uploads\/2023\/10\/WhatsApp-Image-2023-06-22-at-16.15.272.jpeg 1024w, https:\/\/lebazarahistoires.com\/wp-content\/uploads\/2023\/10\/WhatsApp-Image-2023-06-22-at-16.15.272-300x225.jpeg 300w, https:\/\/lebazarahistoires.com\/wp-content\/uploads\/2023\/10\/WhatsApp-Image-2023-06-22-at-16.15.272-768x576.jpeg 768w, https:\/\/lebazarahistoires.com\/wp-content\/uploads\/2023\/10\/WhatsApp-Image-2023-06-22-at-16.15.272-600x450.jpeg 600w\" sizes=\"auto, (max-width: 1024px) 100vw, 1024px\" \/><\/figure><\/div><p><strong>Nous proposons :<\/strong><\/p><ul class=\"wp-block-list\"><li>le spectacle (en milieu scolaire, en m\u00e9diath\u00e8que, centre social, ou autre&#8230;)<\/li><\/ul><ul class=\"wp-block-list\"><li>une formule spectacle + ateliers autour du spectacle.<\/li><\/ul><p>Dossier du spectacle :<\/p><div data-wp-interactive=\"core\/file\" class=\"wp-block-file\"><object data-wp-bind--hidden=\"!state.hasPdfPreview\" hidden class=\"wp-block-file__embed\" data=\"https:\/\/lebazarahistoires.com\/wp-content\/uploads\/2024\/09\/Dossier-La-Melodie-site.pdf\" type=\"application\/pdf\" style=\"width:100%;height:540px\" aria-label=\"Contenu embarqu\u00e9 Dossier La M\u00e9lodie site.\"><\/object><a id=\"wp-block-file--media-7ab150e3-95ba-4a1a-9e1a-9ca1e3e00b14\" href=\"https:\/\/lebazarahistoires.com\/wp-content\/uploads\/2024\/09\/Dossier-La-Melodie-site.pdf\">Dossier La M\u00e9lodie site<\/a><a href=\"https:\/\/lebazarahistoires.com\/wp-content\/uploads\/2024\/09\/Dossier-La-Melodie-site.pdf\" class=\"wp-block-file__button wp-element-button\" download aria-describedby=\"wp-block-file--media-7ab150e3-95ba-4a1a-9e1a-9ca1e3e00b14\">T\u00e9l\u00e9charger<\/a><\/div><p>N&rsquo;h\u00e9sitez pas \u00e0<a href=\"https:\/\/lebazarahistoires.com\/index.php\/nous-contacter\/\"> nous contacter<\/a> pour plus de renseignements ! <\/p><figure class=\"wp-block-gallery has-nested-images columns-4 is-cropped wp-block-gallery-1 is-layout-flex wp-block-gallery-is-layout-flex\"><figure data-wp-context=\"{&quot;imageId&quot;:&quot;69e0cb49a9f89&quot;}\" data-wp-interactive=\"core\/image\" data-wp-key=\"69e0cb49a9f89\" class=\"wp-block-image size-large wp-lightbox-container\"><img loading=\"lazy\" decoding=\"async\" width=\"1024\" height=\"768\" data-wp-class--hide=\"state.isContentHidden\" data-wp-class--show=\"state.isContentVisible\" data-wp-init=\"callbacks.setButtonStyles\" data-wp-on--click=\"actions.showLightbox\" data-wp-on--load=\"callbacks.setButtonStyles\" data-wp-on-window--resize=\"callbacks.setButtonStyles\" data-id=\"228\" src=\"https:\/\/lebazarahistoires.com\/wp-content\/uploads\/2023\/12\/Photo-Margency-1024x768.jpg\" alt=\"Les trois com\u00e9diennes, deux elfes et un crapaud, sont sur sc\u00e8ne et jouent de la musique,avec deux fl\u00fbtes traversi\u00e8res et une contrebasse. Les d\u00e9cors et les costumes sont gris.\" class=\"wp-image-228\" srcset=\"https:\/\/lebazarahistoires.com\/wp-content\/uploads\/2023\/12\/Photo-Margency-1024x768.jpg 1024w, https:\/\/lebazarahistoires.com\/wp-content\/uploads\/2023\/12\/Photo-Margency-300x225.jpg 300w, https:\/\/lebazarahistoires.com\/wp-content\/uploads\/2023\/12\/Photo-Margency-768x576.jpg 768w, https:\/\/lebazarahistoires.com\/wp-content\/uploads\/2023\/12\/Photo-Margency-1536x1152.jpg 1536w, https:\/\/lebazarahistoires.com\/wp-content\/uploads\/2023\/12\/Photo-Margency-1800x1350.jpg 1800w, https:\/\/lebazarahistoires.com\/wp-content\/uploads\/2023\/12\/Photo-Margency-1320x990.jpg 1320w, https:\/\/lebazarahistoires.com\/wp-content\/uploads\/2023\/12\/Photo-Margency-600x450.jpg 600w, https:\/\/lebazarahistoires.com\/wp-content\/uploads\/2023\/12\/Photo-Margency.jpg 1824w\" sizes=\"auto, (max-width: 1024px) 100vw, 1024px\" \/><button\n\t\t\tclass=\"lightbox-trigger\"\n\t\t\ttype=\"button\"\n\t\t\taria-haspopup=\"dialog\"\n\t\t\taria-label=\"Agrandir\"\n\t\t\tdata-wp-init=\"callbacks.initTriggerButton\"\n\t\t\tdata-wp-on--click=\"actions.showLightbox\"\n\t\t\tdata-wp-style--right=\"state.imageButtonRight\"\n\t\t\tdata-wp-style--top=\"state.imageButtonTop\"\n\t\t>\n\t\t\t<svg xmlns=\"http:\/\/www.w3.org\/2000\/svg\" width=\"12\" height=\"12\" fill=\"none\" viewBox=\"0 0 12 12\">\n\t\t\t\t<path fill=\"#fff\" d=\"M2 0a2 2 0 0 0-2 2v2h1.5V2a.5.5 0 0 1 .5-.5h2V0H2Zm2 10.5H2a.5.5 0 0 1-.5-.5V8H0v2a2 2 0 0 0 2 2h2v-1.5ZM8 12v-1.5h2a.5.5 0 0 0 .5-.5V8H12v2a2 2 0 0 1-2 2H8Zm2-12a2 2 0 0 1 2 2v2h-1.5V2a.5.5 0 0 0-.5-.5H8V0h2Z\" \/>\n\t\t\t<\/svg>\n\t\t<\/button><figcaption class=\"wp-element-caption\">Ouverture du spectacle<\/figcaption><\/figure>\n\n<figure data-wp-context=\"{&quot;imageId&quot;:&quot;69e0cb49aa461&quot;}\" data-wp-interactive=\"core\/image\" data-wp-key=\"69e0cb49aa461\" class=\"wp-block-image size-large wp-lightbox-container\"><img loading=\"lazy\" decoding=\"async\" width=\"1024\" height=\"768\" data-wp-class--hide=\"state.isContentHidden\" data-wp-class--show=\"state.isContentVisible\" data-wp-init=\"callbacks.setButtonStyles\" data-wp-on--click=\"actions.showLightbox\" data-wp-on--load=\"callbacks.setButtonStyles\" data-wp-on-window--resize=\"callbacks.setButtonStyles\" data-id=\"227\" src=\"https:\/\/lebazarahistoires.com\/wp-content\/uploads\/2023\/12\/Photo-Margency-4-1024x768.jpg\" alt=\"\" class=\"wp-image-227\" srcset=\"https:\/\/lebazarahistoires.com\/wp-content\/uploads\/2023\/12\/Photo-Margency-4-1024x768.jpg 1024w, https:\/\/lebazarahistoires.com\/wp-content\/uploads\/2023\/12\/Photo-Margency-4-300x225.jpg 300w, https:\/\/lebazarahistoires.com\/wp-content\/uploads\/2023\/12\/Photo-Margency-4-768x576.jpg 768w, https:\/\/lebazarahistoires.com\/wp-content\/uploads\/2023\/12\/Photo-Margency-4-1536x1152.jpg 1536w, https:\/\/lebazarahistoires.com\/wp-content\/uploads\/2023\/12\/Photo-Margency-4-1800x1350.jpg 1800w, https:\/\/lebazarahistoires.com\/wp-content\/uploads\/2023\/12\/Photo-Margency-4-1320x990.jpg 1320w, https:\/\/lebazarahistoires.com\/wp-content\/uploads\/2023\/12\/Photo-Margency-4-600x450.jpg 600w, https:\/\/lebazarahistoires.com\/wp-content\/uploads\/2023\/12\/Photo-Margency-4.jpg 1824w\" sizes=\"auto, (max-width: 1024px) 100vw, 1024px\" \/><button\n\t\t\tclass=\"lightbox-trigger\"\n\t\t\ttype=\"button\"\n\t\t\taria-haspopup=\"dialog\"\n\t\t\taria-label=\"Agrandir\"\n\t\t\tdata-wp-init=\"callbacks.initTriggerButton\"\n\t\t\tdata-wp-on--click=\"actions.showLightbox\"\n\t\t\tdata-wp-style--right=\"state.imageButtonRight\"\n\t\t\tdata-wp-style--top=\"state.imageButtonTop\"\n\t\t>\n\t\t\t<svg xmlns=\"http:\/\/www.w3.org\/2000\/svg\" width=\"12\" height=\"12\" fill=\"none\" viewBox=\"0 0 12 12\">\n\t\t\t\t<path fill=\"#fff\" d=\"M2 0a2 2 0 0 0-2 2v2h1.5V2a.5.5 0 0 1 .5-.5h2V0H2Zm2 10.5H2a.5.5 0 0 1-.5-.5V8H0v2a2 2 0 0 0 2 2h2v-1.5ZM8 12v-1.5h2a.5.5 0 0 0 .5-.5V8H12v2a2 2 0 0 1-2 2H8Zm2-12a2 2 0 0 1 2 2v2h-1.5V2a.5.5 0 0 0-.5-.5H8V0h2Z\" \/>\n\t\t\t<\/svg>\n\t\t<\/button><\/figure>\n\n<figure data-wp-context=\"{&quot;imageId&quot;:&quot;69e0cb49aa918&quot;}\" data-wp-interactive=\"core\/image\" data-wp-key=\"69e0cb49aa918\" class=\"wp-block-image size-large wp-lightbox-container\"><img loading=\"lazy\" decoding=\"async\" width=\"1024\" height=\"768\" data-wp-class--hide=\"state.isContentHidden\" data-wp-class--show=\"state.isContentVisible\" data-wp-init=\"callbacks.setButtonStyles\" data-wp-on--click=\"actions.showLightbox\" data-wp-on--load=\"callbacks.setButtonStyles\" data-wp-on-window--resize=\"callbacks.setButtonStyles\" data-id=\"225\" src=\"https:\/\/lebazarahistoires.com\/wp-content\/uploads\/2023\/12\/photo-Margency-2-1024x768.jpg\" alt=\"\" class=\"wp-image-225\" srcset=\"https:\/\/lebazarahistoires.com\/wp-content\/uploads\/2023\/12\/photo-Margency-2-1024x768.jpg 1024w, https:\/\/lebazarahistoires.com\/wp-content\/uploads\/2023\/12\/photo-Margency-2-300x225.jpg 300w, https:\/\/lebazarahistoires.com\/wp-content\/uploads\/2023\/12\/photo-Margency-2-768x576.jpg 768w, https:\/\/lebazarahistoires.com\/wp-content\/uploads\/2023\/12\/photo-Margency-2-1536x1152.jpg 1536w, https:\/\/lebazarahistoires.com\/wp-content\/uploads\/2023\/12\/photo-Margency-2-1800x1350.jpg 1800w, https:\/\/lebazarahistoires.com\/wp-content\/uploads\/2023\/12\/photo-Margency-2-1320x990.jpg 1320w, https:\/\/lebazarahistoires.com\/wp-content\/uploads\/2023\/12\/photo-Margency-2-600x450.jpg 600w, https:\/\/lebazarahistoires.com\/wp-content\/uploads\/2023\/12\/photo-Margency-2.jpg 1824w\" sizes=\"auto, (max-width: 1024px) 100vw, 1024px\" \/><button\n\t\t\tclass=\"lightbox-trigger\"\n\t\t\ttype=\"button\"\n\t\t\taria-haspopup=\"dialog\"\n\t\t\taria-label=\"Agrandir\"\n\t\t\tdata-wp-init=\"callbacks.initTriggerButton\"\n\t\t\tdata-wp-on--click=\"actions.showLightbox\"\n\t\t\tdata-wp-style--right=\"state.imageButtonRight\"\n\t\t\tdata-wp-style--top=\"state.imageButtonTop\"\n\t\t>\n\t\t\t<svg xmlns=\"http:\/\/www.w3.org\/2000\/svg\" width=\"12\" height=\"12\" fill=\"none\" viewBox=\"0 0 12 12\">\n\t\t\t\t<path fill=\"#fff\" d=\"M2 0a2 2 0 0 0-2 2v2h1.5V2a.5.5 0 0 1 .5-.5h2V0H2Zm2 10.5H2a.5.5 0 0 1-.5-.5V8H0v2a2 2 0 0 0 2 2h2v-1.5ZM8 12v-1.5h2a.5.5 0 0 0 .5-.5V8H12v2a2 2 0 0 1-2 2H8Zm2-12a2 2 0 0 1 2 2v2h-1.5V2a.5.5 0 0 0-.5-.5H8V0h2Z\" \/>\n\t\t\t<\/svg>\n\t\t<\/button><figcaption class=\"wp-element-caption\">Final du spectacle<\/figcaption><\/figure><\/figure><p>On parle de nous ! <\/p><p><a href=\"https:\/\/www.larenaissancehebdo.fr\/actualite-24468-gueugnon-la-melodie-des-couleurs-a-auchan\">https:\/\/www.larenaissancehebdo.fr\/actualite-24468-gueugnon-la-melodie-des-couleurs-a-auchan<\/a><\/p>","protected":false},"excerpt":{"rendered":"<p>La Compagnie du Chapeau Magique pr\u00e9sente le spectacle jeune public tir\u00e9 de notre album La M\u00e9lodie des Couleurs. Ce spectacle a \u00e9t\u00e9 cr\u00e9\u00e9 pour la [&#8230;]<\/p>\n","protected":false},"author":2,"featured_media":0,"parent":0,"menu_order":0,"comment_status":"closed","ping_status":"closed","template":"","meta":{"footnotes":""},"class_list":["post-102","page","type-page","status-publish","hentry"],"jetpack_sharing_enabled":true,"_links":{"self":[{"href":"https:\/\/lebazarahistoires.com\/index.php\/wp-json\/wp\/v2\/pages\/102","targetHints":{"allow":["GET"]}}],"collection":[{"href":"https:\/\/lebazarahistoires.com\/index.php\/wp-json\/wp\/v2\/pages"}],"about":[{"href":"https:\/\/lebazarahistoires.com\/index.php\/wp-json\/wp\/v2\/types\/page"}],"author":[{"embeddable":true,"href":"https:\/\/lebazarahistoires.com\/index.php\/wp-json\/wp\/v2\/users\/2"}],"replies":[{"embeddable":true,"href":"https:\/\/lebazarahistoires.com\/index.php\/wp-json\/wp\/v2\/comments?post=102"}],"version-history":[{"count":15,"href":"https:\/\/lebazarahistoires.com\/index.php\/wp-json\/wp\/v2\/pages\/102\/revisions"}],"predecessor-version":[{"id":350,"href":"https:\/\/lebazarahistoires.com\/index.php\/wp-json\/wp\/v2\/pages\/102\/revisions\/350"}],"wp:attachment":[{"href":"https:\/\/lebazarahistoires.com\/index.php\/wp-json\/wp\/v2\/media?parent=102"}],"curies":[{"name":"wp","href":"https:\/\/api.w.org\/{rel}","templated":true}]}}